[INFO] cloning repository https://github.com/bazelize/rules_rust_proto
[INFO] running `Command { std: "git" "-c" "credential.helper=" "-c" "credential.helper=/workspace/cargo-home/bin/git-credential-null" "clone" "--bare" "https://github.com/bazelize/rules_rust_proto" "/workspace/cache/git-repos/https%3A%2F%2Fgithub.com%2Fbazelize%2Frules_rust_proto", kill_on_drop: false }`
[INFO] [stderr] Cloning into bare repository '/workspace/cache/git-repos/https%3A%2F%2Fgithub.com%2Fbazelize%2Frules_rust_proto'...
[INFO] running `Command { std: "git" "rev-parse" "HEAD", kill_on_drop: false }`
[INFO] [stdout] 0d72a6569bf56cf8b51eff1dba2a19a36082fec8
[INFO] checking bazelize/rules_rust_proto against master#9610dfe5a9a731ced1ea4923ecbd0c57fe367898 for beta-170-4
[INFO] running `Command { std: "git" "clone" "/workspace/cache/git-repos/https%3A%2F%2Fgithub.com%2Fbazelize%2Frules_rust_proto" "/workspace/builds/worker-2-tc1/source", kill_on_drop: false }`
[INFO] [stderr] Cloning into '/workspace/builds/worker-2-tc1/source'...
[INFO] [stderr] done.
[INFO] validating manifest of git repo https://github.com/bazelize/rules_rust_proto on toolchain 9610dfe5a9a731ced1ea4923ecbd0c57fe367898
[INFO] running `Command { std: CARGO_HOME="/workspace/cargo-home" RUSTUP_HOME="/workspace/rustup-home" "/workspace/cargo-home/bin/cargo" "+9610dfe5a9a731ced1ea4923ecbd0c57fe367898" "metadata" "--manifest-path" "Cargo.toml" "--no-deps", kill_on_drop: false }`
[INFO] started tweaking git repo https://github.com/bazelize/rules_rust_proto
[INFO] finished tweaking git repo https://github.com/bazelize/rules_rust_proto
[INFO] tweaked toml for git repo https://github.com/bazelize/rules_rust_proto written to /workspace/builds/worker-2-tc1/source/Cargo.toml
[INFO] crate git repo https://github.com/bazelize/rules_rust_proto already has a lockfile, it will not be regenerated
[INFO] running `Command { std: CARGO_HOME="/workspace/cargo-home" RUSTUP_HOME="/workspace/rustup-home" "/workspace/cargo-home/bin/cargo" "+9610dfe5a9a731ced1ea4923ecbd0c57fe367898" "fetch" "--manifest-path" "Cargo.toml", kill_on_drop: false }`
[INFO] [stderr]  Downloading crates ...
[INFO] [stderr]   Downloaded tonic v0.6.1
[INFO] [stderr]   Downloaded tonic-build v0.6.0
[INFO] [stderr]   Downloaded tower v0.4.11
[INFO] running `Command { std: "docker" "create" "-v" "/var/lib/crater-agent-workspace/builds/worker-2-tc1/target:/opt/rustwide/target:rw,Z" "-v" "/var/lib/crater-agent-workspace/builds/worker-2-tc1/source:/opt/rustwide/workdir:ro,Z" "-v" "/var/lib/crater-agent-workspace/cargo-home:/opt/rustwide/cargo-home:ro,Z" "-v" "/var/lib/crater-agent-workspace/rustup-home:/opt/rustwide/rustup-home:ro,Z" "-e" "SOURCE_DIR=/opt/rustwide/workdir" "-e" "CARGO_TARGET_DIR=/opt/rustwide/target" "-e" "CARGO_HOME=/opt/rustwide/cargo-home" "-e" "RUSTUP_HOME=/opt/rustwide/rustup-home" "-w" "/opt/rustwide/workdir" "-m" "1610612736" "--user" "0:0" "--network" "none" "ghcr.io/rust-lang/crates-build-env/linux@sha256:5ff2268d62e97bff2cde7d5815dd6ed5b47097566f13b8d0ca110b04b60e07ed" "/opt/rustwide/cargo-home/bin/cargo" "+9610dfe5a9a731ced1ea4923ecbd0c57fe367898" "metadata" "--no-deps" "--format-version=1", kill_on_drop: false }`
[INFO] [stdout] fe38f4890684e4524cda950326a499fded8ecaebbf56ffd5e74b9286463e1074
[INFO] running `Command { std: "docker" "start" "-a" "fe38f4890684e4524cda950326a499fded8ecaebbf56ffd5e74b9286463e1074", kill_on_drop: false }`
[INFO] running `Command { std: "docker" "inspect" "fe38f4890684e4524cda950326a499fded8ecaebbf56ffd5e74b9286463e1074", kill_on_drop: false }`
[INFO] running `Command { std: "docker" "rm" "-f" "fe38f4890684e4524cda950326a499fded8ecaebbf56ffd5e74b9286463e1074", kill_on_drop: false }`
[INFO] [stdout] fe38f4890684e4524cda950326a499fded8ecaebbf56ffd5e74b9286463e1074
[INFO] running `Command { std: "docker" "create" "-v" "/var/lib/crater-agent-workspace/builds/worker-2-tc1/target:/opt/rustwide/target:rw,Z" "-v" "/var/lib/crater-agent-workspace/builds/worker-2-tc1/source:/opt/rustwide/workdir:ro,Z" "-v" "/var/lib/crater-agent-workspace/cargo-home:/opt/rustwide/cargo-home:ro,Z" "-v" "/var/lib/crater-agent-workspace/rustup-home:/opt/rustwide/rustup-home:ro,Z" "-e" "SOURCE_DIR=/opt/rustwide/workdir" "-e" "CARGO_TARGET_DIR=/opt/rustwide/target" "-e" "CARGO_INCREMENTAL=0" "-e" "RUST_BACKTRACE=full" "-e" "RUSTFLAGS=--cap-lints=forbid" "-e" "RUSTDOCFLAGS=--cap-lints=forbid" "-e" "CARGO_HOME=/opt/rustwide/cargo-home" "-e" "RUSTUP_HOME=/opt/rustwide/rustup-home" "-w" "/opt/rustwide/workdir" "-m" "1610612736" "--user" "0:0" "--network" "none" "ghcr.io/rust-lang/crates-build-env/linux@sha256:5ff2268d62e97bff2cde7d5815dd6ed5b47097566f13b8d0ca110b04b60e07ed" "/opt/rustwide/cargo-home/bin/cargo" "+9610dfe5a9a731ced1ea4923ecbd0c57fe367898" "check" "--frozen" "--all" "--all-targets" "--message-format=json", kill_on_drop: false }`
[INFO] [stdout] 949501f6a7edbe2132f2121c572f2045993c7c68fe89e5dffcc225bf77196273
[INFO] running `Command { std: "docker" "start" "-a" "949501f6a7edbe2132f2121c572f2045993c7c68fe89e5dffcc225bf77196273", kill_on_drop: false }`
[INFO] [stderr]    Compiling proc-macro2 v1.0.32
[INFO] [stderr]    Compiling unicode-xid v0.2.2
[INFO] [stderr]    Compiling syn v1.0.81
[INFO] [stderr]    Compiling libc v0.2.108
[INFO] [stderr]    Compiling autocfg v1.0.1
[INFO] [stderr]     Checking cfg-if v1.0.0
[INFO] [stderr]    Compiling memchr v2.4.1
[INFO] [stderr]    Compiling log v0.4.14
[INFO] [stderr]     Checking pin-project-lite v0.2.7
[INFO] [stderr]     Checking bytes v1.1.0
[INFO] [stderr]    Compiling futures-core v0.3.17
[INFO] [stderr]     Checking lazy_static v1.4.0
[INFO] [stderr]    Compiling proc-macro-hack v0.5.19
[INFO] [stderr]     Checking futures-sink v0.3.17
[INFO] [stderr]    Compiling proc-macro-nested v0.1.7
[INFO] [stderr]    Compiling futures-channel v0.3.17
[INFO] [stderr]    Compiling futures-task v0.3.17
[INFO] [stderr]    Compiling either v1.6.1
[INFO] [stderr]     Checking hashbrown v0.11.2
[INFO] [stderr]    Compiling anyhow v1.0.48
[INFO] [stderr]     Checking slab v0.4.5
[INFO] [stderr]     Checking futures-io v0.3.18
[INFO] [stderr]     Checking pin-utils v0.1.0
[INFO] [stderr]     Checking tracing-core v0.1.21
[INFO] [stderr]     Checking ppv-lite86 v0.2.15
[INFO] [stderr]    Compiling itertools v0.10.1
[INFO] [stderr]     Checking fnv v1.0.7
[INFO] [stderr]     Checking itoa v0.4.8
[INFO] [stderr]    Compiling httparse v1.5.1
[INFO] [stderr]     Checking try-lock v0.2.3
[INFO] [stderr]    Compiling futures-macro v0.3.17
[INFO] [stderr]    Compiling indexmap v1.7.0
[INFO] [stderr]    Compiling tokio v1.14.0
[INFO] [stderr]    Compiling futures-util v0.3.17
[INFO] [stderr]     Checking http v0.2.5
[INFO] [stderr]     Checking tower-service v0.3.1
[INFO] [stderr]    Compiling version_check v0.9.3
[INFO] [stderr]     Checking want v0.3.0
[INFO] [stderr]     Checking httpdate v1.0.2
[INFO] [stderr]    Compiling async-trait v0.1.51
[INFO] [stderr]     Checking tower-layer v0.3.1
[INFO] [stderr]     Checking base64 v0.13.0
[INFO] [stderr]     Checking percent-encoding v2.1.0
[INFO] [stderr]     Checking aho-corasick v0.7.18
[INFO] [stderr]     Checking remove_dir_all v0.5.3
[INFO] [stderr]     Checking regex-syntax v0.6.25
[INFO] [stderr]     Checking num_cpus v1.13.0
[INFO] [stderr]     Checking mio v0.7.14
[INFO] [stderr]    Compiling quote v1.0.10
[INFO] [stderr]     Checking getrandom v0.2.3
[INFO] [stderr]     Checking socket2 v0.4.2
[INFO] [stderr]    Compiling proc-macro-error-attr v1.0.4
[INFO] [stderr]    Compiling proc-macro-error v1.0.4
[INFO] [stderr]     Checking rand_core v0.6.3
[INFO] [stderr]     Checking fixedbitset v0.4.0
[INFO] [stderr]    Compiling unicode-segmentation v1.8.0
[INFO] [stderr]     Checking rand_chacha v0.3.1
[INFO] [stderr]    Compiling which v4.2.2
[INFO] [stderr]     Checking unicode-width v0.1.9
[INFO] [stderr]     Checking petgraph v0.6.0
[INFO] [stderr]     Checking atty v0.2.14
[INFO] [stderr]     Checking textwrap v0.11.0
[INFO] [stderr]     Checking multimap v0.8.3
[INFO] [stderr]     Checking vec_map v0.8.2
[INFO] [stderr]     Checking rand v0.8.4
[INFO] [stderr]     Checking strsim v0.8.0
[INFO] [stderr]     Checking bitflags v1.3.2
[INFO] [stderr]     Checking ansi_term v0.11.0
[INFO] [stderr]    Compiling prost-build v0.9.0
[INFO] [stderr]    Compiling heck v0.3.3
[INFO] [stderr]     Checking clap v2.33.3
[INFO] [stderr]     Checking tempfile v3.2.0
[INFO] [stderr]     Checking http-body v0.4.4
[INFO] [stderr]     Checking regex v1.5.4
[INFO] [stderr]    Compiling tokio-macros v1.6.0
[INFO] [stderr]    Compiling tracing-attributes v0.1.18
[INFO] [stderr]    Compiling prost-derive v0.9.0
[INFO] [stderr]    Compiling pin-project-internal v1.0.8
[INFO] [stderr]    Compiling async-stream-impl v0.3.2
[INFO] [stderr]    Compiling structopt-derive v0.4.18
[INFO] [stderr]     Checking async-stream v0.3.2
[INFO] [stderr]     Checking tracing v0.1.29
[INFO] [stderr]     Checking pin-project v1.0.8
[INFO] [stderr]     Checking tracing-futures v0.2.5
[INFO] [stderr]     Checking structopt v0.3.25
[INFO] [stderr]     Checking prost v0.9.0
[INFO] [stderr]     Checking prost-types v0.9.0
[INFO] [stderr]     Checking tonic-build v0.6.0
[INFO] [stderr]     Checking futures-executor v0.3.17
[INFO] [stderr]     Checking futures v0.3.17
[INFO] [stderr]     Checking tokio-util v0.6.9
[INFO] [stderr]     Checking tokio-stream v0.1.8
[INFO] [stderr]     Checking tokio-io-timeout v1.1.1
[INFO] [stderr]     Checking h2 v0.3.7
[INFO] [stderr]     Checking tower v0.4.11
[INFO] [stderr]     Checking hyper v0.14.15
[INFO] [stderr]     Checking hyper-timeout v0.4.1
[INFO] [stderr]     Checking tonic v0.6.1
[INFO] [stderr]     Checking tonic_transpiler v0.1.0 (/opt/rustwide/workdir/tonic)
[INFO] [stderr]     Checking multi_package v0.1.0 (/opt/rustwide/workdir/examples/multi_package)
[INFO] [stderr]     Checking echo v0.1.0 (/opt/rustwide/workdir/examples/echo)
[INFO] [stdout] error[E0433]: failed to resolve: use of undeclared crate or module `service_proto`
[INFO] [stdout]  --> examples/multi_package/src/main.rs:2:5
[INFO] [stdout]   |
[INFO] [stdout] 2 | use service_proto::grpc::examples::echo::{echo_server, EchoRequest};
[INFO] [stdout]   |     ^^^^^^^^^^^^^ use of undeclared crate or module `service_proto`
[INFO] [stdout] 
[INFO] [stdout] 
[INFO] [stdout] error[E0432]: unresolved import `service_proto`
[INFO] [stdout]  --> examples/multi_package/src/main.rs:1:5
[INFO] [stdout]   |
[INFO] [stdout] 1 | use service_proto::google;
[INFO] [stdout]   |     ^^^^^^^^^^^^^ use of undeclared crate or module `service_proto`
[INFO] [stdout] 
[INFO] [stdout] 
[INFO] [stdout] error[E0433]: failed to resolve: use of undeclared crate or module `echo_proto`
[INFO] [stdout]  --> examples/echo/src/main.rs:1:5
[INFO] [stdout]   |
[INFO] [stdout] 1 | use echo_proto::grpc::examples::echo::{echo_server, EchoRequest, EchoResponse};
[INFO] [stdout]   |     ^^^^^^^^^^ use of undeclared crate or module `echo_proto`
[INFO] [stdout] 
[INFO] [stdout] 
[INFO] [stdout] error[E0433]: failed to resolve: use of undeclared crate or module `service_proto`
[INFO] [stdout]  --> examples/multi_package/src/main.rs:2:5
[INFO] [stdout]   |
[INFO] [stdout] 2 | use service_proto::grpc::examples::echo::{echo_server, EchoRequest};
[INFO] [stdout]   |     ^^^^^^^^^^^^^ use of undeclared crate or module `service_proto`
[INFO] [stdout] 
[INFO] [stdout] 
[INFO] [stdout] error[E0432]: unresolved import `service_proto`
[INFO] [stdout]  --> examples/multi_package/src/main.rs:1:5
[INFO] [stdout]   |
[INFO] [stdout] 1 | use service_proto::google;
[INFO] [stdout]   |     ^^^^^^^^^^^^^ use of undeclared crate or module `service_proto`
[INFO] [stdout] 
[INFO] [stdout] 
[INFO] [stdout] error[E0433]: failed to resolve: use of undeclared crate or module `echo_proto`
[INFO] [stdout]  --> examples/echo/src/main.rs:1:5
[INFO] [stdout]   |
[INFO] [stdout] 1 | use echo_proto::grpc::examples::echo::{echo_server, EchoRequest, EchoResponse};
[INFO] [stdout]   |     ^^^^^^^^^^ use of undeclared crate or module `echo_proto`
[INFO] [stdout] 
[INFO] [stdout] 
[INFO] [stdout] error: aborting due to previous error
[INFO] [stdout] 
[INFO] [stdout] 
[INFO] [stdout] error: aborting due to 2 previous errors
[INFO] [stdout] 
[INFO] [stdout] 
[INFO] [stdout] Some errors have detailed explanations: E0432, E0433.
[INFO] [stdout] 
[INFO] [stdout] For more information about an error, try `rustc --explain E0432`.
[INFO] [stdout] 
[INFO] [stdout] For more information about this error, try `rustc --explain E0433`.
[INFO] [stdout] 
[INFO] [stdout] error: aborting due to 2 previous errors
[INFO] [stdout] 
[INFO] [stdout] 
[INFO] [stdout] Some errors have detailed explanations: E0432, E0433.
[INFO] [stdout] 
[INFO] [stdout] For more information about an error, try `rustc --explain E0432`.
[INFO] [stdout] 
[INFO] [stdout] error: aborting due to previous error
[INFO] [stdout] 
[INFO] [stdout] 
[INFO] [stdout] For more information about this error, try `rustc --explain E0433`.
[INFO] [stdout] 
[INFO] [stderr] error: could not compile `echo` (bin "echo_bin") due to 2 previous errors
[INFO] [stderr] warning: build failed, waiting for other jobs to finish...
[INFO] [stderr] error: could not compile `echo` (bin "echo_bin" test) due to 2 previous errors
[INFO] [stderr] error: could not compile `multi_package` (bin "multi_package_bin") due to 3 previous errors
[INFO] [stderr] error: could not compile `multi_package` (bin "multi_package_bin" test) due to 3 previous errors
[INFO] running `Command { std: "docker" "inspect" "949501f6a7edbe2132f2121c572f2045993c7c68fe89e5dffcc225bf77196273", kill_on_drop: false }`
[INFO] running `Command { std: "docker" "rm" "-f" "949501f6a7edbe2132f2121c572f2045993c7c68fe89e5dffcc225bf77196273", kill_on_drop: false }`
[INFO] [stdout] 949501f6a7edbe2132f2121c572f2045993c7c68fe89e5dffcc225bf77196273
